g + q = 0, 25 = -4*k - 4*g + 849. What is the hundreds digit of k?
2
Let x(d) = -12*d - 56. Let j be x(-16). Suppose -3*s + j = -s. What is the tens digit of s?
6
Let k(v) = v**3 - 5*v**2 + 2. Let m be k(5). Let b = 37 - 26. Suppose -3 = -c, 3*n - m*n - c = b. What is the units digit of n?
4
Let x be ((-6)/2)/((-18)/642). Suppose -13 = -d - 5*l, -3*l - 2*l + 22 = 4*d. Suppose -93 = -d*p - 2*c, -c - 6 = -4*p + x. What is the tens digit of p?
2
Suppose -10*c + 9*c - 6 = 0. What is the hundreds digit of 468*(3 + 15/c)?
2
Let q be 0*(-1)/(-3)*3. What is the tens digit of (-2 - q)/((-4)/178)?
8
Let n(x) = 10*x**2 - 19*x + 114. What is the tens digit of n(6)?
6
Let q be 21 + -1*(3 + -5). Let b = 43 + q. Let x = b - 28. What is the units digit of x?
8
Let k be ((-5)/(-5))/(2/(-6)). Let z be k - (-12 - -4 - -4). What is the tens digit of (3 - z)*(-104)/(-16)?
1
Let q = -333 + 381. What is the tens digit of q?
4
Let d(b) = 11*b**3 - b**2 - 2*b + 2. Let v be 6*(-1)/(-2) + -2. What is the tens digit of d(v)?
1
Let k(p) = 76*p**3 + 81*p + 113*p**3 - 81*p + 1 + p**2. What is the units digit of k(1)?
1
Let d(a) = -5*a - 12. Let c(r) = -1. Let y(q) = -4*c(q) + d(q). What is the tens digit of y(-5)?
1
Let o be 20*((-44)/(-16) + -1). Let c = o - -51. What is the tens digit of c?
8
Let n = -14 - -18. Let y = -2 + n. Suppose -3*x - 2*m = 2*x - 120, -5*m + 48 = y*x. What is the units digit of x?
4
Let y = 6 + -4. Let a = 6 - y. Suppose -2*u = -24 - a. What is the tens digit of u?
1
Suppose -16*d + 10848 = -11248. What is the thousands digit of d?
1
Suppose m = r - 1 + 2, 4*r + 10 = m. What is the hundreds digit of 4/((-8)/m) - (2 - 136)?
1
Let i(j) be the third derivative of 3*j**4/8 + 13*j**3/6 - j**2. What is the tens digit of i(7)?
7
What is the units digit of 9/(-1) + (563 - -30)?
4
Let o(c) be the third derivative of c**5/60 - 5*c**4/24 - 4*c**3 + 19*c**2. Let a(g) = g**3 + 8*g**2 - g + 3. Let y be a(-8). What is the tens digit of o(y)?
4
Let y(o) = -o + 10. Let b be y(5). Suppose 5*w - 2*s = 11, 2*w + 1 = s + b. Let m(j) = 3*j**2 - 5*j + 2. What is the tens digit of m(w)?
1
Let d(n) = 100*n - 151. What is the hundreds digit of d(10)?
8
Suppose -l + 3*t = -1016, -2*t + 3 = 5. Suppose 5*z - 222 - l = 0. What is the units digit of z?
7
Let f be (-40)/12*(-6)/4. Suppose -f*v + 5*c = -385, v + 2*v + 5*c = 199. What is the units digit of v?
3
Let y(n) = n**2 - 5*n + 11. Let g(a) = a**3 - 6*a**2 + 7*a - 3. Suppose 5*z = 3*l + 25, -5*z + l - 2*l + 25 = 0. Let q be g(z). What is the tens digit of y(q)?
2
Let t(b) = -3*b + 15. Let n be t(0). Let c(h) = h - 4. Let m be c(-7). Let q = m + n. What is the units digit of q?
4
Suppose -6*k = -k + 15. Let v(y) = -y**3 + 4*y - 485*y**2 + 4 + 975*y**2 - 492*y**2. What is the units digit of v(k)?
1
Let p = 137 + -28. Let h = -58 + p. What is the units digit of h?
1
Suppose 2*d - 5*u + 34 = 3*d, -d - 2*u + 22 = 0. Suppose f - 46 = -d. What is the tens digit of f?
3
Let l(h) = 60*h + 7. Let u(n) = n + 1. Let w(s) = -l(s) + u(s). What is the units digit of w(-2)?
2
Suppose 3*q - 8 - 4 = 0. What is the units digit of 99/q + 3/12?
5
Suppose -98 = f - 3*p, -3*f - 3*p = -3 + 261. Let y = f + 163. What is the tens digit of y?
7
What is the hundreds digit of (143/(-52))/(3/(-444))?
4
Suppose 16*u - 7110 = -2*u. What is the tens digit of u?
9
Let d(y) = -y**3 + y**2 - y + 1. Let c(i) = 2*i**3 - 4*i**2 + 5*i - 7. Let r(v) = c(v) + 3*d(v). Let p be r(-3). What is the units digit of (-4)/p - (-21)/2?
0
Let q(u) = u**3 + u**2 - u + 3. Let t(j) = j**3 - 6*j**2 + 4*j + 13. Let d(a) = 2*q(a) - t(a). Let s = 4 - 12. What is the tens digit of d(s)?
4
Let n(x) = 2*x**2 + 12*x + 32. What is the units digit of n(-15)?
2
Suppose 44*p - 40*p - 452 = 0. What is the hundreds digit of p?
1
Suppose 19 + 1 = -5*z, 5*y - 4*z - 46 = 0. Let v be 34/y - 4/6. Suppose 0 = 4*r - s - 31, -r - 46 = -v*r - 2*s. What is the units digit of r?
9
Suppose b + 4*a = 17, 3 = 5*b - a + 2. Let d(v) = 0*v + 13*v**3 + 0*v - v. What is the units digit of d(b)?
2
Let h be (-4018)/(-246) + (-1)/(2 + 1). Suppose -4*v + 5*v - 7 = 0. Let p = h + v. What is the units digit of p?
3
Suppose -3*g + 970 = -y - 693, -1675 = -3*g - 5*y. What is the units digit of g?
5
Suppose k + 19 = 3*k - 5*m, 4*m + 12 = 0. Let f(l) = -4*l**k - 3*l**2 - 5 - l - l**3 + 1. What is the units digit of f(-7)?
3
What is the hundreds digit of (1 - 2)/((-8)/3896)?
4
Let w(j) = 4*j**2 + 7*j - 29. What is the tens digit of w(-12)?
6
Suppose 3*y - 7*y = -5*o + 16140, 0 = -o - 3*y + 3228. What is the thousands digit of o?
3
Let r be -3 - (-5 + (-2150)/5). Let h = r + -215. What is the units digit of h?
7
Let q(z) = -48*z + 73. What is the hundreds digit of q(-9)?
5
Let d(p) = 2*p**2 - 3*p**2 + 6*p + 2*p**2 + 3. Suppose -5*r - 4*c - 1 = 37, 4*c = 12. What is the tens digit of d(r)?
4
Let a = 116 + 46. What is the hundreds digit of a?
1
What is the units digit of -38*((-2)/(-10))/((-10)/2575)?
7
Suppose a + 4*n - 5*n = 72, 2*a + n = 132. Let w = -6 + a. What is the units digit of w?
2
Let u(j) = j**2 - j. Let g be u(0). Suppose g = -2*t + 2*p, 4*t + 2*p = p + 10. Suppose 41 = 5*d + k, -2*d - t*k - 2*k = -20. What is the units digit of d?
8
Suppose b - 4*g = 5002, 3*b = 5*g + 13171 + 1856. What is the units digit of b?
4
Suppose 119 = 5*s - 166. Let q = s + 16. What is the tens digit of q?
7
Suppose -c = 2*c, 0 = -3*i + 3*c - 384. Let r be i/20 - (-4)/10. Let o(v) = -v + 3. What is the units digit of o(r)?
9
Let y(k) = -6*k**3 + 7*k**2 + 5*k + 4. Let o be y(-3). Suppose u - o = -3*g, g + 5*u = -g + 121. What is the units digit of g?
3
Let g(w) = w**2 - 4*w + 8. Let m be g(3). Suppose -m*y + 90 = -0*y. What is the tens digit of y?
1
Suppose 5*b + z + 143 = -0*z, -72 = 3*b - 4*z. Let u = 280 + b. Suppose -7*x + u = -x. What is the tens digit of x?
4
Suppose s - 5 = -2. Suppose -4*d = -s*m + 6 - 20, 3*m = d + 1. Suppose 70 = d*z - 85. What is the tens digit of z?
3
What is the hundreds digit of (-1)/((4/3010)/((-168)/30))?
2
Suppose 0 = -4*v + 2*v, 4*v - 1242 = -3*q. What is the units digit of ((-2)/(-4))/(3/q)?
9
Let t = -4500 - -6326. What is the hundreds digit of t?
8
Let h = -16 - -21. Suppose 0 = h*m + 2*m. Suppose 3*v + 3 = m, 30 = -w + 2*w + 2*v. What is the tens digit of w?
3
Let n(s) = 3 - s - s**2 - 3*s**3 + 0*s**3 + 6*s**2 + 4*s**3. Suppose 10 = -5*z - 5*i, -3*i = z + 2 - 4. What is the units digit of n(z)?
3
Let u(t) = t**3 - 5*t**2 - 14*t + 19. Let r be u(8). Suppose -k + 35 = -r. What is the tens digit of k?
3
Suppose 4*l = h - 3, l + 3*h + 1 = 10. Let j(y) = y**2 - y - 7. Let x be j(l). Let c = 18 - x. What is the units digit of c?
5
Let x(j) = j**2 - 14*j + 31. What is the units digit of x(38)?
3
Let b(f) = 4*f - 2. Let n be b(1). Let o = 4 - n. Let j(h) = 3*h**2 - 2*h - 2. What is the units digit of j(o)?
6
Let g be 3/12 - 175/(-4). Suppose g = 2*n - 42. What is the units digit of n?
3
Let m(u) = -21 + 146*u - 89*u - 24. What is the units digit of m(3)?
6
Let x(h) = -h**3 - 4*h**2 - h - 7. Let a(n) = 2*n + 1. Let k be a(-3). Let m be (k + 0)*(-3 + 4). What is the tens digit of x(m)?
2
Let x = -374 - -742. What is the units digit of x?
8
Let q(y) = y + 4. Let c be q(-4). Let i be 0*(1 - c/(-2)). Suppose i = -2*d - 3 + 25. What is the tens digit of d?
1
Suppose 0 = -3*n - 17 + 14. Let y(c) = -177*c - 3. What is the tens digit of y(n)?
7
Suppose 3*f = 5*s - 814, 2*f + 154 = s - 3*f. Let y = s - 77. What is the tens digit of y?
8
Let n(t) = -t**2 + 19. Suppose 10 = 2*c + 2. Suppose 3 - 11 = 4*a, -6 = c*g + 3*a. What is the tens digit of n(g)?
1
What is the units digit of -469*3*2/(-6)?
9
Let m(p) = p**2 - 16*p - 13. Let b be m(17). What is the tens digit of -37*1/(-4)*b?
3
Let o(u) = -10*u**2 + 196*u - 8 + 4*u**2 - u**3 - 201*u. Let n be o(-7). What is the units digit of n/6 + 6/(-9)?
2
Suppose -7*t = -47 - 65. Suppose -14*l - 272 = -t*l. What is the tens digit of l?
3
What is the thousands digit of (-11277)/(63/9)*2/(-3)?
1
Let g(b) be the first derivative of b**3/3 - 5*b**2/2 - b + 1. Let j be g(5). What is the tens digit of (16 - 0 - j) + -2?
1
Suppose 5*h + 11 = -14. Let c(n) = 2*n**2 - 4*n - 7. What is the tens digit of c(h)?
6
Suppose -5*n - 4 = -9. Let k(a) = 0*a - 12 - 3*a - 1 - n. What is the t